osite?
False
Is 28655188127 a composite number?
True
Is 3948036791 prime?
True
Is 2486766763 a composite number?
True
Is 24671921 composite?
False
Is 76723406659 composite?
True
Is 505753221 a composite number?
True
Is 1095342401 a composite number?
True
Is 2227341637 a prime number?
True
Is 54394297201 composite?
True
Is 66811746011 a composite number?
False
Is 6103242637 composite?
False
Is 11788590803 composite?
True
Is 30903614983 a composite number?
False
Is 2704712251 a prime number?
False
Is 2482185809 composite?
True
Is 1346271679 a prime number?
True
Is 135499627 a composite number?
False
Is 2992750967 composite?
False
Is 1376011349 a prime number?
False
Is 414374657 a composite number?
False
Is 2137613341 composite?
False
Is 21774426029 a composite number?
False
Is 316582913 a composite number?
False
Is 15593628767 a composite number?
False
Is 12043532783 a composite number?
True
Is 3530183857 composite?
True
Is 1773186599 composite?
False
Is 882109663 a composite number?
False
Is 3804754753 a prime number?
True
Is 8757819293 composite?
False
Is 37500502619 composite?
False
Is 13299165917 composite?
True
Is 174582533 a prime number?
True
Is 25695966311 a prime number?
False
Is 342709141 a prime number?
False
Is 7508135759 composite?
True
Is 29479118609 a prime number?
True
Is 9871385399 a composite number?
True
Is 1362429047 a prime number?
False
Is 1585325947 a prime number?
True
Is 62654484887 composite?
False
Is 2732075081 a composite number?
True
Is 2880446771 composite?
False
Is 415044389 a prime number?
True
Is 354811183 composite?
False
Is 44696535943 prime?
True
Is 1033138361 prime?
True
Is 559464464119 composite?
True
Is 1595773217 a composite number?
True
Is 1625101363 prime?
False
Is 913159571 a prime number?
False
Is 9634400663 composite?
True
Is 1287999761 a composite number?
False
Is 42156142781 a composite number?
False
Is 24411346081 prime?
False
Is 876923009 a composite number?
True
Is 2751056617 a prime number?
True
Is 10442441721 prime?
False
Is 137977969 a composite number?
True
Is 3561555919 a composite number?
False
Is 367644817 composite?
True
Is 65503107583 a prime number?
False
Is 224452373 a prime number?
False
Is 53545039 a composite number?
False
Is 1684683349 a prime number?
True
Is 25202784757 prime?
True
Is 482888929 a prime number?
False
Is 9267966199 composite?
False
Is 14022211003 composite?
False
Is 249407780579 composite?
False
Is 4643676059 prime?
False
Is 2395817153 prime?
True
Is 139217989 composite?
True
Is 2760047951 composite?
False
Is 20452636091 composite?
True
Is 243651299 composite?
False
Is 71542547 a prime number?
True
Is 2564675819 a composite number?
True
Is 3835108391 composite?
False
Is 15506306131 prime?
True
Is 7197176977 composite?
False
Is 185654323 a prime number?
True
Is 117457860127 a prime number?
True
Is 12455594551 composite?
True
Is 1285280301 a composite number?
True
Is 38861569127 a composite number?
True
Is 9652758761 composite?
True
Is 72085657421 composite?
False
Is 607726943 a composite number?
True
Is 28052481517 prime?
True
Is 6059901241 prime?
False
Is 4961552843 a composite number?
True
Is 150647099453 composite?
True
Is 24482991163 a prime number?
True
Is 1078496873 a prime number?
False
Is 741752251 prime?
False
Is 10976560607 a prime number?
False
Is 4135306741 a prime number?
True
Is 1821713417 a prime number?
True
Is 27275351017 a composite number?
True
Is 12865189 composite?
False
Is 1960617479 a prime number?
True
Is 973860263 a composite number?
True
Is 4377565235 prime?
False
Is 67960988677 composite?
False
Is 7864220729 a prime number?
True
Is 681064211 a prime number?
True
Is 16354862399 prime?
False
Is 4919575307 composite?
False
Is 5745033163 a composite number?
True
Is 4420220335 a prime number?
False
Is 914462429 a prime number?
True
Is 1574668517 a prime number?
True
Is 745779497 composite?
False
Is 12761411449 prime?
True
Is 1951089391 a prime number?
True
Is 17008737602 composite?
True
Is 1254388519 composite?
False
Is 582757367 prime?
True
Is 94808057 prime?
True
Is 14846411 composite?
False
Is 1243745651 a composite number?
False
Is 471575233 a composite number?
True
Is 23964298399 composite?
True
Is 547516729 a composite number?
False
Is 1019971189 composite?
False
Is 97603951 a prime number?
True
Is 2662578299 prime?
False
Is 9417296729 a prime number?
True
Is 576413597 composite?
True
Is 1868408921 prime?
False
Is 103134817699 prime?
True
Is 597007174 prime?
False
Is 50910047 composite?
True
Is 48753241139 prime?
False
Is 38577931 composite?
True
Is 254262181 a composite number?
True
Is 217608519 prime?
False
Is 1866470963 a prime number?
False
Is 6540227677 prime?
False
Is 150529279 composite?
True
Is 17189848069 a composite number?
False
Is 75598355171 a composite number?
True
Is 252766187 a composite number?
False
Is 149321760401 composite?
True
Is 534663898 composite?
True
Is 1124447153 composite?
False
Is 10011794897 a composite number?
True
Is 2106043417 a prime number?
False
Is 22214545273 prime?
True
Is 473978627 composite?
False
Is 24327278399 a prime number?
True
Is 25884169747 a prime number?
False
Is 96469939805 a composite number?
True
Is 2037350047 a composite number?
True
Is 476153477 a prime number?
False
Is 1303272977 a composite number?
True
Is 2054642833 prime?
True
Is 54705774439 a prime number?
True
Is 19133045587 composite?
False
Is 90869786606 a composite number?
True
Is 17850730433 prime?
False
Is 775829837 composite?
True
Is 20036009731 a composite number?
False
Is 1763031263 a composite number?
True
Is 6112606889 a composite number?
False
Is 2611174043 prime?
False
Is 22268711051 a composite number?
False
Is 5594812757 a prime number?
False
Is 1381823557 prime?
True
Is 2272695401 composite?
False
Is 6734667203 a prime number?
False
Is 4334120431 composite?
False
Is 629269741 a prime number?
True
Is 741824329 composite?
False
Is 1085024909 a composite number?
False
Is 705948203 a prime number?
False
Is 3262657061 prime?
False
Is 6679355555 a composite number?
True
Is 22297681369 a composite number?
True
Is 1931533781 a prime number?
True
Is 5363044769 prime?
True
Is 401790317 a prime number?
False
Is 2790417037 prime?
False
Is 10113233314 a composite number?
True
Is 305550079 composite?
True
Is 216303935 a prime number?
False
Is 5410117681 a prime number?
True
Is 2065720697 composite?
False
Is 3905031899 composite?
False
Is 1431108559 prime?
False
Is 13257447487 a prime number?
True
Is 29273034121 prime?
False
Is 272921730443 a prime number?
True
Is 3762803801 a prime number?
False
Is 3051935779 a prime number?
False
Is 19066261981 a prime number?
False
Is 272061929 prime?
False
Is 113314169 a composite number?
True
Is 1837159271 composite?
True
Is 8699670569 a composite number?
True
Is 5706020791 composite?
True
Is 850351037 prime?
True
Is 1339625842 prime?
False
Is 20012835883 prime?
True
Is 280037501 prime?
False
Is 44019611 a prime number?
False
Is 11484240421 a composite number?
True
Is 55358687 prime?
True
Is 2414186051 composite?
True
Is 32447388881 prime?
True
Is 16403630291 a composite number?
True
Is 54557953451 composite?
False
Is 25288032947 composite?
False
Is 3282853349 a prime number?
False
Is 16669987 a composite number?
False
Is 5960617081 a composite number?
False
Is 147936443 composite?
False
Is 6466617847 a composite number?
False
Is 267541541 composite?
True
Is 33486521209 a prime number?
False
Is 4018320641 prime?
False
Is 10646493293 a prime number?
True
Is 101374757687 a composite number?
True
Is 1512652081 a prime number?
True
Is 9521790911 prime?
True
Is 84678227 a prime number?
True
Is 2196507351 prime?
False
Is 81791009 a composite number?
False
Is 2344390922 a composite number?
True
Is 34664318581 a prime number?
True
Is 12730344811 a composite number?
True
Is 50495009 a composite number?
False
Is 9085407127 prime?
False
Is 1964633582 composite?
True
Is 516920827691 prime?
True
Is 12773331581 prime?
True
Is 35644533 prime?
False
Is 3758254879 a composite number?
True
Is 1311288409 a prime number?
True
Is 87474520433 a composite number?
False
Is 6814861399 a composite number?
False
Is 755145841 a composite number?
False
Is 140451387101 prime?
False
Is 558524417 prime?
False
Is 96223